{"id":3505,"date":"2024-03-27T10:10:20","date_gmt":"2024-03-27T13:10:20","guid":{"rendered":"http:\/\/tagstecnologia.com.br\/index.php\/produto\/base-mx-led-para-notebook-max-6012326\/"},"modified":"2024-05-30T10:28:12","modified_gmt":"2024-05-30T13:28:12","slug":"base-mx-led-para-notebook-max-6012326","status":"publish","type":"product","link":"https:\/\/www.tagstecnologia.com.br\/index.php\/produto\/base-mx-led-para-notebook-max-6012326\/","title":{"rendered":"Base Mx Led Para Notebook Max 6012326"},"content":{"rendered":"<p>Base para Notebook Mx Led Maxprint<\/p>\n<p>Melhora a dissipa\u00e7\u00e3o de calor aumentando a vida \u00fatil do seu notebook<br \/>\nVentilador de 120mm com controle de velocidade e bot\u00e3o liga\/desliga<br \/>\nSuportes retr\u00e1teis que aumentam a altura do notebook, melhorando o \u00e2ngulo de vis\u00e3o<br \/>\nDesign ergon\u00f4mico para maior conforto nas suas horas de trabalho e lazer<br \/>\nPorta USB extra que permite manter o n\u00famero original de portas USB do seu notebook<br \/>\nCompat\u00edvel com notebooks de at\u00e9 17&#8243;<br \/>\nVentilador super silencioso com ilumina\u00e7\u00e3o em LED azul<\/p>\n<p>Dimens\u00f5es: 365 x 290 x 54mm<br \/>\nDimens\u00f5es do ventilador: 120 x 120 x 25mm<\/p>\n","protected":false},"excerpt":{"rendered":"<p>Base Mx Led Para Notebook Max 6012326<\/p>\n","protected":false},"featured_media":3664,"comment_status":"open","ping_status":"closed","template":"","meta":[],"product_cat":[45],"product_tag":[],"class_list":{"0":"post-3505","1":"product","2":"type-product","3":"status-publish","4":"has-post-thumbnail","6":"product_cat-base-para-notebook","8":"first","9":"outofstock","10":"shipping-taxable","11":"purchasable","12":"product-type-simple"},"_links":{"self":[{"href":"https:\/\/www.tagstecnologia.com.br\/index.php\/wp-json\/wp\/v2\/product\/3505"}],"collection":[{"href":"https:\/\/www.tagstecnologia.com.br\/index.php\/wp-json\/wp\/v2\/product"}],"about":[{"href":"https:\/\/www.tagstecnologia.com.br\/index.php\/wp-json\/wp\/v2\/types\/product"}],"replies":[{"embeddable":true,"href":"https:\/\/www.tagstecnologia.com.br\/index.php\/wp-json\/wp\/v2\/comments?post=3505"}],"wp:featuredmedia":[{"embeddable":true,"href":"https:\/\/www.tagstecnologia.com.br\/index.php\/wp-json\/wp\/v2\/media\/3664"}],"wp:attachment":[{"href":"https:\/\/www.tagstecnologia.com.br\/index.php\/wp-json\/wp\/v2\/media?parent=3505"}],"wp:term":[{"taxonomy":"product_cat","embeddable":true,"href":"https:\/\/www.tagstecnologia.com.br\/index.php\/wp-json\/wp\/v2\/product_cat?post=3505"},{"taxonomy":"product_tag","embeddable":true,"href":"https:\/\/www.tagstecnologia.com.br\/index.php\/wp-json\/wp\/v2\/product_tag?post=3505"}],"curies":[{"name":"wp","href":"https:\/\/api.w.org\/{rel}","templated":true}]}}