{"id":88,"date":"2024-01-19T10:06:19","date_gmt":"2024-01-19T13:06:19","guid":{"rendered":"http:\/\/tagstecnologia.com.br\/index.php\/produto\/fone-c-micro-philips-taue101bk-521876\/"},"modified":"2026-03-25T05:27:19","modified_gmt":"2026-03-25T08:27:19","slug":"fone-c-micro-philips-taue101bk-521876","status":"publish","type":"product","link":"https:\/\/www.tagstecnologia.com.br\/index.php\/produto\/fone-c-micro-philips-taue101bk-521876\/","title":{"rendered":"Fone C\/ Micro Philips Taue101bk\/ 521876"},"content":{"rendered":"<p>Aproveite a excel\u00eancia auditiva e conveni\u00eancia com o Fone de Ouvido Intra Auricular com Microfone Philips TAUE101. Criado para fornecer uma qualidade de \u00e1udio clara e equilibrada, este fone oferece uma viv\u00eancia sonora envolvente e agrad\u00e1vel.<\/p>\n<p>Com um design ergon\u00f4mico e confort\u00e1vel, os fones intra auriculares se encaixam perfeitamente, proporcionando conforto prolongado. Al\u00e9m disso, o microfone integrado oferece a conveni\u00eancia de fazer chamadas com as m\u00e3os livres, garantindo clareza na comunica\u00e7\u00e3o.<\/p>\n<p>Experimente a combina\u00e7\u00e3o perfeita de \u00e1udio de qualidade e funcionalidade pr\u00e1tica com o Fone de Ouvido Philips TAUE101, ideal para ouvir m\u00fasica ou atender chamadas com conforto e clareza.<\/p>\n<p>Com refor\u00e7o din\u00e2mico de graves, este fone de ouvido intra-auricular leva m\u00fasica de qualidade aos seus ouvidos confortavelmente.<\/p>\n<p>Sons graves para um som de mais qualidade<\/p>\n<p>Drivers do alto-falante de 14,2mm para graves potentes e som n\u00edtido.<br \/>\nOs drivers do alto-falante de 14,2 mm de boa qualidade, com \u00edm\u00e3 de neod\u00edmio, fornecem graves potentes e som n\u00edtido.<\/p>\n<p>Projetado para encaixe confort\u00e1vel na geometria do ouvido<br \/>\nO design \u00e9 baseado na geometria do ouvido, para um uso confort\u00e1vel e um encaixe perfeito para todos.<\/p>\n<p>Microfone integrado com bot\u00e3o para atender chamadas que facilita a conversa<\/p>\n<p>Os drivers das Caixas ac\u00fasticas de neod\u00edmio fornecem um som balanceado e puro<br \/>\nO neod\u00edmio \u00e9 o melhor material para gera\u00e7\u00e3o de um forte campo magn\u00e9tico que se traduz em maior sensibilidade em uma bobina de voz, melhor resposta de graves e um som balanceado e puro.<\/p>\n<p>FICHA TECNICA<br \/>\nComprimento do cabo: 1,2m<br \/>\nSistema ac\u00fastico: aberto<br \/>\nResposta em frequ\u00eancia: 20 &#8211; 20.000 Hz<br \/>\nImped\u00e2ncia: 32 ohm<br \/>\nEntrada de energia m\u00e1xima: 5mW<br \/>\nSensibilidade: 106dB<br \/>\nDi\u00e2metro da caixa ac\u00fastica: 14,2 mm<br \/>\nMarca: Philips<br \/>\nPeso(Kg): 0,03<br \/>\nPart Number: TAUE101BK\/00<\/p>\n<p>TAG: Fone De Ouvido Philips Intra Auricular Com Microfone Taue101,Fone De Ouvido Philips Com Microfone Ouvidos Fio P2 Taue 101, Fone De Ouvido Com Microfone Philips Original Nota Fiscal<br \/>\nFone De Ouvido Taue101bk\/00 Com Microfone Philips Cor Preto<\/p>\n","protected":false},"excerpt":{"rendered":"<p>Fone C\/ Micro Philips Taue101bk\/ 521876<\/p>\n","protected":false},"featured_media":3682,"comment_status":"open","ping_status":"closed","template":"","meta":[],"product_cat":[261],"product_tag":[],"class_list":{"0":"post-88","1":"product","2":"type-product","3":"status-publish","4":"has-post-thumbnail","6":"product_cat-fone-de-ouvido-philips","8":"first","9":"outofstock","10":"shipping-taxable","11":"purchasable","12":"product-type-simple"},"_links":{"self":[{"href":"https:\/\/www.tagstecnologia.com.br\/index.php\/wp-json\/wp\/v2\/product\/88"}],"collection":[{"href":"https:\/\/www.tagstecnologia.com.br\/index.php\/wp-json\/wp\/v2\/product"}],"about":[{"href":"https:\/\/www.tagstecnologia.com.br\/index.php\/wp-json\/wp\/v2\/types\/product"}],"replies":[{"embeddable":true,"href":"https:\/\/www.tagstecnologia.com.br\/index.php\/wp-json\/wp\/v2\/comments?post=88"}],"wp:featuredmedia":[{"embeddable":true,"href":"https:\/\/www.tagstecnologia.com.br\/index.php\/wp-json\/wp\/v2\/media\/3682"}],"wp:attachment":[{"href":"https:\/\/www.tagstecnologia.com.br\/index.php\/wp-json\/wp\/v2\/media?parent=88"}],"wp:term":[{"taxonomy":"product_cat","embeddable":true,"href":"https:\/\/www.tagstecnologia.com.br\/index.php\/wp-json\/wp\/v2\/product_cat?post=88"},{"taxonomy":"product_tag","embeddable":true,"href":"https:\/\/www.tagstecnologia.com.br\/index.php\/wp-json\/wp\/v2\/product_tag?post=88"}],"curies":[{"name":"wp","href":"https:\/\/api.w.org\/{rel}","templated":true}]}}